- 5*z + 5. Let f(w) = w**3 + w. Let k(h) = 2*f(h) + i(h). Let v be 8/(2/(-1))*1. Let n be (9/v - -1)*4. Determine k(n).
-5
Let c(h) = -h**3 - 3*h**2 + 7*h + 7. Suppose 12*z + 86 = 26. Calculate c(z).
22
Let g(a) = a**3 + 9*a**2 + 2. Suppose -65 = 5*l - 5*m, 0*l - 2*m + 53 = -5*l. Let t be g(l). Let q(b) = 7 - b**t + 8*b - 3 - 5. Give q(6).
11
Let l(p) = p**2 + 3*p - 1. Let n(m) = 6*m**2 + 6*m + 1. Let f(z) = -2*l(z) + n(z). Determine f(3).
39
Suppose 4*u - 4*y = 2835 + 585, 0 = 2*u - 5*y - 1713. Let f(i) = u + i - 851 + i. Calculate f(-3).
-3
Let q(l) = 15 - 11 - 6 - 4 + 8 - 4*l. Let i = -5 - -10. Suppose -3*f + 5*c = -i + 16, 0 = 5*f - 5*c + 15. Calculate q(f).
10
Let d(s) be the first derivative of -s**4/4 - s**3 - 2*s - 1. Let b = -43 - -45. Suppose -9*m = -b*m + 21. Give d(m).
-2
Let r(k) = -k**2 + 7*k. Suppose -141 = 70*c - 491. Determine r(c).
10
Let j(b) = 172 - b**2 - 166 - 2*b + b**3 - b**2 - 5*b**2 + 2*b**2. What is j(5)?
-4
Let c(p) = p**2 + p + 3. Let r = -18 - -16. Let g be (-11)/(-4) - r/8. Suppose -g*z - 3 = -4*z. Calculate c(z).
15
Let c(w) = 2*w - 8 + 4*w - 3*w. Calculate c(-6).
-26
Let a(n) be the first derivative of n**3/3 + 3*n**2/2 + n + 7. Suppose 25 = -6*r - 5. Determine a(r).
11
Let o(h) = -2*h - 9. Let q(f) = -f - 7. Let v(n) = 2*n + 15. Let p be (-8)/12 + 48/(-9). Let m(b) = p*v(b) - 11*q(b). Let y be m(-7). Determine o(y).
3
Let g(c) = -c**3 + 14*c**2 + c - 2. Suppose 11*j = 35*j - 336. Calculate g(j).
12
Let x(f) = -2*f. Let p be x(-3). Let k(s) = 6*s - 2*s**3 - 6*s**3 + 4*s**2 - 8*s**2 + 7*s**3 - p. Give k(-5).
-11
Let r(x) = x**3 - 13*x**2 - 11*x + 13. Let o(n) = -4*n**3 + 53*n**2 + 43*n - 50. Let q(a) = 2*o(a) + 9*r(a). Determine q(12).
5
Suppose 4*w + 20 = -0*w. Let h(f) be the third derivative of f**6/360 + f**5/30 + f**3/2 + 4*f**2. Let v(c) be the first derivative of h(c). Calculate v(w).
5
Let n(y) = 27*y + 235. Let b be n(-9). Let x(f) = -f + 11. Determine x(b).
19
Suppose -6*y + 26 = -3*y - 5*m, 0 = 2*y + 3*m + 8. Let w(r) = r - 3 + r + y*r. Suppose 3*k - 23 = -4*h, -3*k = -10 - 5. Calculate w(h).
5
Let q(t) = t - 4 + 7*t**2 - 2*t - 17*t**2 + 7*t**2 + t**3. Determine q(4).
8
Let q(p) = -6 + 6*p - p**3 + 3*p**2 - 2 + 0*p + 2. Let f(a) = 14 - 4 - a + 7 + 0. Let z be f(13). Calculate q(z).
2
Let r(j) = 12*j + 19. Let g(i) = -3*i - 5. Let a(z) = 9*g(z) + 2*r(z). Suppose 2*l + 2*l + 16 = 2*u, -3*l = -u + 10. Let d = l + -3. Determine a(d).
8
Suppose -5*f - 20 - 25 = 0. Let x(d) = -d + 1. Let p be x(f). Let y(q) = 4*q - p*q**2 + 7*q**2 + 2 - 5*q + 5*q**2. Determine y(2).
8
Let c(g) = 11*g + 5. Let z(v) = -31*v - 15. Let k(y) = 11*c(y) + 4*z(y). Give k(-5).
10
Let l = -6 + 11. Let z(s) = l*s + 7 + 9*s - 15*s. Calculate z(8).
-1
Let h(g) = -g**2 + 0*g**2 - 28*g + 7 + 32*g. Suppose -11 = -5*p + 2*i - 59, 0 = -5*i + 20. Let q = -3 - p. What is h(q)?
2
Let v(y) = 4 - 3*y + 36*y**3 + 27*y**3 - 103*y**3 + 41*y**3 + y**2. Give v(-3).
-5
Let c(m) = m**2 - 8*m - 16. Let i(j) = 5*j**2 - 33*j - 65. Let p(h) = 9*c(h) - 2*i(h). Calculate p(-5).
-9
Let i(x) be the second derivative of 0*x**2 + 0 + 3*x + 1/4*x**4 - 1/3*x**3. Determine i(2).
8
Suppose -2*n + 1 = 11. Let p(a) be the second derivative of -a**4/24 + 2*a**3/3 + 3*a**2/2 + 6*a. Let s(x) be the first derivative of p(x). What is s(n)?
9
Suppose -4*m - 2*y = -14, 3*m + 5*y = -2*m + 15. Let w(l) = 3*l + 3. Let r(c) = -7*c - 7. Let i(v) = m*r(v) + 10*w(v). Calculate i(6).
14
Let h(l) be the third derivative of l**4/8 - 7*l**3/6 + 422*l**2. Give h(-8).
-31
Let d(w) be the second derivative of w**4/12 - 3*w**3/2 - 3*w**2 + 2*w + 82. Calculate d(10).
4
Let j(t) = -t**2 + 4*t. Let n be j(6). Let o(l) = -l - 16. Let x be o(n). Let s(g) = -3*g - 4. Determine s(x).
8
Let t(y) = y**3 + y**2 + y + 5. Let d be 2 + 0 - (-6)/3. Suppose -c = d*c. Let l be t(c). Let r(s) = -s**3 + 5*s**2 + 2*s. Calculate r(l).
10
Let u(q) be the third derivative of -q**6/12 + q**5/60 + 118*q**2. Calculate u(-1).
11
Let q be -1*-3*(-4)/(-6). Let x be ((-1)/2)/(q/8). Let b(g) = -4*g + 10. Let t(z) = 2*z - 6. Let o(y) = -4*b(y) - 7*t(y). Calculate o(x).
-2
Let l(y) = y**2 - 12*y - 17. Suppose -40 + 92 = 4*a. What is l(a)?
-4
Let b = -2 + -4. Let j(z) be the second derivative of -z**5/20 - 5*z**4/12 + 4*z**3/3 + 7*z**2/2 - 15*z. What is j(b)?
-5
Let l(a) = -33*a + 17. Let q(n) = 8*n - 4. Let o(w) = -6*l(w) - 26*q(w). Calculate o(-4).
42
Let x(j) = -9*j - 8*j + 28*j**2 + 2*j - 33 + 2*j**3 - 5*j + 18*j. Determine x(-14).
-5
Let b(v) be the first derivative of -2*v**3/3 - 11*v**2/2 - 9*v - 85. Determine b(-7).
-30
Let c = 5 - 5. Let t(g) = 25 + 0*g + g - 28. Calculate t(c).
-3
Let p be (-36)/45*30/(-4). Let a(c) be the second derivative of c**3/3 - 2*c**2 - 2*c. Give a(p).
8
Let s(m) = m**2 - 7*m - 5. Let w be (-11)/77 - 222/14. Let g be 11 + w/(8/2). Suppose 4*u - g - 13 = 0. Determine s(u).
-15
Let l(s) = -46*s - 16. Let b(y) = 40*y + 18. Let v(g) = -8*b(g) - 7*l(g). What is v(13)?
-6
Suppose -148 = -7*g + 118. Suppose -g = -9*f + 7. Let y(c) = c + 2. Calculate y(f).
7
Let s(a) = a + 2. Let w(i) = -i**3 + 17*i**2 + 4*i + 13. Let y(t) = t**3 - 18*t**2 - 5*t - 14. Let n(u) = -6*w(u) - 5*y(u). Let x be n(12). Calculate s(x).
6
Let f(p) be the first derivative of 5*p**2/2 + 20*p + 92. Give f(-8).
-20
Let v = -10 - -15. Let g(b) = -b**2 - 16 + v*b + 2*b**3 - 2*b + 18. Let h(j) = 5*j**3 - 2*j**2 + 6*j + 4. Let o(i) = -9*g(i) + 4*h(i). Give o(-2).
-8
Let v(f) = -132*f**2 + 146*f**2 + 53 + 2*f**3 + 15*f - 39. Calculate v(-6).
-4
Suppose 5*i + 25 = 0, 3*g - 2*i = -6*i + 25. Let s = 23 - g. Let m(k) = -4 + 9*k - k**2 - 6 - s + 7. Give m(8).
-3
Let u(v) be the third derivative of -1/30*v**5 + 1/6*v**4 - 2/3*v**3 + 0*v - v**2 + 0. Let h be (-2)/(-6 - 80/(-15)). What is u(h)?
-10
Let k(p) = -p**3 - 7*p**2 + p + 3. Let s be (-3)/((-9)/122) - 8/12. Suppose 6*u - u + 55 = -5*v, 3*v = -4*u - s. Determine k(u).
-4
Let r(p) = 3*p**2 - 5*p + 25. Let h be r(6). Suppose -h*y = -104*y - 3. Let o(v) = -2*v**2 - 4*v - 3. What is o(y)?
-9
Let c(x) = x**3 - 3*x**2. Let o(r) = -6*r**3 - 13*r**2 - 29*r - 57. Let i(s) = -5*c(s) - o(s). Determine i(-27).
3
Let o(j) = -j**2 - 7*j - 7. Let k(t) = 2*t**2 + 6*t - 3. Let w be k(2). Suppose 5*u = -10, -3*p - 2*u - w = 5. Give o(p).
-1
Let r(v) = 3*v - 29. Let p(k) = -k + 10. Let g(w) = 8*p(w) + 3*r(w). Suppose z = -3*o + 26, 4*z - z = o - 2. Calculate g(o).
1
Let j(u) be the second derivative of -7*u**3/6 - 3*u**2 - 34*u. Determine j(3).
-27
Let z be (-5)/4 - (-2)/8. Let k(b) = b**2 - b - 2. Let p be k(z). Let c(m) = p*m + 252 + m - 253. What is c(0)?
-1
Let b(n) = -n**3 - n**2 + n - 16. Let c be (3 + -3)*(1 - 0). What is b(c)?
-16
Let d(o) = -o**2 + 7*o + 4. Let i = 24 + -23. Let a(s) = s. Let h(z) = i*d(z) - 5*a(z). Calculate h(-3).
-11
Let z(v) = v**2 - 10*v + 8. Let g be z(9). Let q(s) = s**2 + 1. Let b(c) = 4*c**2 + 5. Let x(f) = g*b(f) + 6*q(f). What is x(-1)?
3
Suppose -3*z + 32 = -5*c, 2*z - 3*c - 28 = -2*z. Suppose 4*q - 14 = -5*r, -2*q + 2*r = -4*q + 8. Let o(t) = -q + 0*t**2 - 2*t + t**2 + 1. Determine o(z).
3
Let h(r) = 3*r**2 + 41*r + 25. Let o be h(-13). Let u(t) = 2 - 2 + 9*t. What is u(o)?
-9
Suppose -4*r = -2*r + 4*y + 2, -4*y = 5*r - 13. Let d(x) = r*x + 7*x**2 + 2*x + x**3 - 1 + 0. Suppose 2*f = 2*g, -9*f - 42 = -13*g + 11*g. What is d(f)?
-7
Let f(v) = -v - 6. Suppose 27 - 13 = 7*h. Suppose 2*m - 28 = 4*m. Let j be (72/84)/(h/m). Determine f(j).
0
Let z be (267/24 - 1) + (-4)/32. Let y(a) = a**3 + a**3 + 8*a**2 - 7 - z*a - a**3. Determine y(-9).
2
Let x = -20 - -20. Let v(g) = g**3 - g**2 - g - 1. Let l(a) = 3*a**3 - 3*a**2 - 5*a - 3. Let f(c) = -l(c) + 4*v(c). Calculate f(x).
-1
Let p(f) = f**3 + 4*f**2 + 3*f + 4. Let m be (-51)/(-34)*(-4)/(-6)*-3. Determine p(m).
4
Let l(r) = 10*r - 15. Let d(f) = 19*f - 33. Let w(m) = -6*d(m) + 13*l(m). Give w(-2).
-29
Let b = 41 + -38. Let i(n) = n**2 - 3*n - 2. Calculate i(b).
-2
Let z be 24/(-60) - 16/10 - -3. Let p be z/1*8/(-4). Let j(b) be the third derivative of b**6/120 + b**5/30 + b**4/12 - b**2. Determine j(p).
-4
Let l(x) be the third derivative of 0*x + 4*x**2 + 0 - 5/24*x**4 - 3/2*x**3. Let b(d) = -d - 2. Let u(t) = -11*b(t) + 2*l(t). Give u(3).
7
Let g(j) = -j**2 + 4*j + 1. Let f be g(4). Let x(h) = -h. Let p(a) = -4*a